u(b) = b + 9. Let c = -54 + 64. Suppose 0 = -3*r - 7*r + c. Let z(x) = -1. Let n(m) = r*u(m) + 4*z(m). Give n(-4).
1
Let g(t) = 5. Suppose 0 = 11*w + 33 - 11. Let q(b) = -b - 21. Let j(n) = w*q(n) - 9*g(n). Calculate j(2).
1
Let n(b) = 6*b**2 - b - 1. Let s(m) = -17*m**2 + 2*m + 2. Let a(j) = 11*n(j) + 4*s(j). Let g = -26 + 24. Give a(g).
-5
Let b(m) be the third derivative of 0*m + 1/120*m**6 + 0 - 1/2*m**3 + 0*m**4 - 23*m**2 - 1/20*m**5. Determine b(3).
-3
Suppose 0 = -i - 0 + 2. Let f(o) = i*o + 4*o + 4 - 7*o. Let k(v) = -7*v**2 - 87*v - 168. Let m be k(-10). Calculate f(m).
2
Let p(b) be the second derivative of b**2 + 0 - 63*b + 1/3*b**3. Let x = 6 + -2. What is p(x)?
10
Let v(n) = -868*n + 875*n + 13 + 65. What is v(-12)?
-6
Let w(c) = 3*c**2 - 1 - c**2 + 6*c**3 - 14*c**3. Let f = 77 - 76. Let k be w(f). Let l(v) = -2*v - 9. Calculate l(k).
5
Let r(u) be the third derivative of u**5/120 + u**4/24 + 199*u**3/6 - u**2 - 129*u. Let b(z) be the first derivative of r(z). Determine b(3).
4
Let o(f) = -2*f**2 + 32*f + 33. Let v be o(-11). Let c = 569 + v. Let p(g) = g**2 - 6*g + 3. Determine p(c).
19
Let x(o) = o**2 + 42*o - 112. Let y = 15784 + -15828. Give x(y).
-24
Suppose 0 = 4*m - 3*t, -3*t + 8 = 5*m + 35. Let j be (m/2)/((-105)/(-280)). Let d(p) = -p**2 - p + 3. Determine d(j).
-9
Let d(c) = c**3 + 3*c**2 - c - 1. Let t(r) = -3*r**2 + 3*r - 2. Suppose -5*b = -8*b + 441. Let m = b - 146. Let p be t(m). Give d(p).
5
Let v(b) = -2 + 4 + 8 + 2*b. Suppose -11*q + 67 = 45. Suppose 5*k + 43 = q*s, -22*s + 42 = -5*k - 19*s. What is v(k)?
-8
Let g(q) = 2*q**2 - 12*q + 1. Let z(f) = -5*f**2 + 12*f - 13. Let d(n) = g(n) + z(n). Give d(6).
-120
Suppose 4 = -208*u + 212*u - 4*r, -u - 3*r - 7 = 0. Let g(z) be the first derivative of -4*z**2 + 1. What is g(u)?
8
Let o(v) = 77*v**2 - 2*v - 2. Let y(d) = d**3 - 6*d**2 + 63*d - 491. Let i be y(7). Give o(i).
77
Let u(z) = 30*z - 17 - 14 - z**2 + 9*z - 25*z + 9. Determine u(9).
23
Let c(g) = -192*g + 8066. Let f be c(42). Let w(t) be the third derivative of 0 - 1/24*t**4 - 37*t**f - 1/2*t**3 + 0*t. Give w(0).
-3
Let z be (-11 + 10)/(-1 - -2) + -4. Let x(f) = -7*f - 22. Calculate x(z).
13
Let f(l) = -32*l**2 - 6*l - 6. Suppose 14 = -4*s - 23*n + 24*n, -3*s + 2*n = 18. What is f(s)?
-122
Let s(i) = -5*i**3 - i. Let a be s(1). Let v(b) be the first derivative of -b**3/3 - 3*b**2/2 + 5*b + 19228. What is v(a)?
-13
Suppose 6*q - 156 = -120. Suppose 0 = -5*i + i + 8. Let y(x) = -6*x**2 + 1 + 4*x**2 - 6*x + 3*x**i. Give y(q).
1
Let r(z) = -z**2 - 6*z - 4. Suppose y + f = -2, -2*y = -6*y - 3*f - 3. Suppose 0 = y*j + 1 - 10. Suppose 3*b + 0*b = j*t - 9, -t = 0. Determine r(b).
5
Let y(q) = 3*q + 8. Let x be -3 + 6 + 0 + 12. Calculate y(x).
53
Let y(z) = -4*z - z**3 + 144 + 14*z**2 + 4*z - 128 - z. Give y(14).
2
Let h(q) be the third derivative of 5/2*q**3 + 11/24*q**4 + 0 + 0*q - 93*q**2 + 1/60*q**5. Determine h(-10).
5
Let j(g) be the first derivative of 5/6*g**3 + 1/20*g**5 + 5 - 5/12*g**4 - 1/2*g**2 - 26*g. Let h(u) be the first derivative of j(u). Calculate h(4).
3
Let x(b) be the first derivative of b**4/4 + 5*b**3/3 + 7*b**2/2 + b + 3947. Give x(-6).
-77
Let v(a) be the second derivative of a**4/12 + a**3 - 39*a**2/2 - 83*a + 5. Calculate v(5).
16
Let w(y) = -y**3 + 7*y**2 + 9*y - 14. Suppose -392*p - 16 = -394*p. Calculate w(p).
-6
Let b(j) = 4*j**2 + 126*j + 64. Let y = 32520 + -32551. Calculate b(y).
2
Let l(d) = -31 + 9*d + 55 - 36 + 8*d + 2*d**2. Give l(-12).
72
Let b be (4/5)/((-6)/(-45)). Let c be (-16)/(-9) - b/(-27). Let s(a) = -277*a**2 + a + 285*a**c - 2*a. What is s(1)?
7
Let v = -18 - -85. Let j(i) = -73*i + 143*i - v*i. Give j(-3).
-9
Let z = -5527 - -5526. Let h(b) = 1 + 2*b**3 - 9*b**3 + b + b. Give h(z).
6
Let h(n) = -4*n**3 + 3*n - 613*n**2 + 618*n**2 + 5 + 6*n**3. Suppose 20*i - 3*i + 68 = 0. What is h(i)?
-55
Let a(i) = 13*i - 19. Let k(v) = v**2 - 49*v - 1032. Let l be k(65). What is a(l)?
85
Let p(q) be the third derivative of -q**5/60 - 19*q**4/24 - 35*q**3/6 + q**2 - 135. Calculate p(-16).
13
Let x(i) = 10*i**2 - 3*i - 81. Let g be x(3). Let n(h) = 2*h**2 - 9*h - 2. Give n(g).
-2
Let c(o) be the third derivative of o**5/60 - o**4/8 - 8*o**3/3 + 5*o**2 + o + 261. Give c(-5).
24
Let p(o) = 9*o**3 - 9*o**2 - 13*o - 23. Let n(a) = 7*a**3 - 23 - 162*a**2 + 151*a**2 + 0*a - 14*a. Let y(b) = 4*n(b) - 3*p(b). What is y(18)?
-5
Let k = 6 - 3. Suppose -k*q = -5*c + 7, 3*c + 2*c + 9 = -q. Let w(v) = 5*v**2 + 4*v**3 - 2 - 3*v**3 - 9*v + 14*v - 2. What is w(q)?
-8
Suppose -5*k - 3*h - 26 = 15, -5*k - 5*h = 45. Let w(x) = -2*x**2 - 16*x - 2. What is w(k)?
12
Let b(q) be the first derivative of -q**3/3 + q**2/2 + 88*q - 9. Let i(a) be the first derivative of b(a). Give i(-5).
11
Let c = -10532 - -10537. Let y(f) = -f**2 + 9*f + 13. Give y(c).
33
Suppose 198*n - 3 = 201*n + 6. Let b(j) = 8*j - 4. Determine b(n).
-28
Let h(f) = -7*f - 29. Let s = 32442 - 32428. What is h(s)?
-127
Suppose -5*q = -s - 22, q - 33 + 25 = -s. Let u(l) = 4*l**3 - 5*l - 5. Determine u(s).
88
Let i(q) = 13*q**2 + 1. Let h(d) = -9*d**2 - d. Let o(f) = -3*h(f) - 2*i(f). Suppose 0 = 2*l - 25 + 55. Let m = 19 + l. Determine o(m).
26
Let d(j) = -2*j - 1. Suppose -8*w + 1186 - 234 = 0. Let v = 115 - w. Calculate d(v).
7
Let c(h) = -7 - 3*h**2 - 7 + h + 4*h**2 + h**3 + 5. Let g be c(0). Let f(z) = z**2 + 9*z. Determine f(g).
0
Let s(i) = i - 8. Let g be 923/8 + -5*(-12)/(-160). Let x = g + -107. Calculate s(x).
0
Let d be (48/27 - -3) + 16/72. Suppose -x - 36 = 5*b, 5*x + 0*x + 20 = -d*b. Let u(h) = h + 10. Calculate u(b).
2
Let p(m) be the first derivative of 5*m**2 + 1/3*m**3 - 16*m - 20. Calculate p(-11).
-5
Suppose -5*t + 5 = -220. Let q be (-2)/(-9) - (5635/t + -4). Let b = -126 - q. Let o(l) = -5*l - 7. What is o(b)?
18
Let i be (-1897)/(-7)*8/(-4). Let n = i - -550. Let h(s) = -s**3 + 9*s**2 - 10*s + 10. Give h(n).
-6
Let a(v) be the first derivative of -v**4/4 + 16*v**3/3 + 2*v**2 - 65*v + 3883. Give a(16).
-1
Let s be (3*(-2)/5)/((-38)/(-190)). Let x(k) = -k**3 - 7*k**2 - 10*k - 8. Give x(s).
16
Let p = 15414 + -15422. Let j(c) = -2*c**2 - 4*c + 33. What is j(p)?
-63
Let d(y) = -y - 5. Let p(h) = h. Let n(t) = d(t) + 2*p(t). Let i(l) = 2*l**2 + 20*l - 8*l - 4*l - 7 - 3*l**2. Let f be i(5). Give n(f).
3
Let y(a) be the first derivative of a + 1/4*a**4 - a**2 - a**3 - 99. Determine y(-2).
-15
Let x(s) = -1 - 3*s + s**2 - 3*s**2 + 3*s**3 + 0*s**3 - 8*s**2 + 6*s**2. What is x(-1)?
-5
Suppose 5*h - 28 = 2*c, -5*c + 3*h - 40 = -2*h. Let r(z) be the second derivative of z**4/12 + z**3 + 2*z**2 + 2*z - 11. Calculate r(c).
-4
Let y(j) = -j**3 - 70*j**2 - 438*j + 171. Let c be y(-63). Let x(s) = s**2 + 16*s - 57. What is x(c)?
-21
Let h(r) = -21*r - 388. Let x(s) = -11*s - 227. Let f(q) = 4*h(q) - 7*x(q). Give f(12).
-47
Let b(q) = q**2 + 5*q. Let t(i) = 2*i - 72. Let o(n) = -7*n + 216. Let c(l) = 4*o(l) + 11*t(l). Let r be c(13). What is b(r)?
6
Let u(b) be the first derivative of -b**5/60 + b**4/12 - 21*b**2/2 - 2*b - 34. Let m(d) be the second derivative of u(d). Give m(-2).
-8
Let y = -7 + 17. Suppose 2*s = 3*g - 18, 3*g = 3*s + 8 + y. Let a(o) = g - 4 + 6*o**2 + 7*o - o - 2*o. Determine a(-2).
18
Let t(v) be the second derivative of 1/12*v**4 + 39 - 6*v**2 + 0*v**3 - v. Give t(0).
-12
Let n(r) = -31 - 80 - 13 - 144*r - 186*r + 332*r. What is n(28)?
-68
Let s = -11155 + 11145. Let a(h) = -h**3 - 7*h**2 + 33*h + 26. Calculate a(s).
-4
Let h(o) = 2*o**2 - o**3 + 3 - 4*o + 2*o**2 + 8*o. Suppose 0 = -6*j - 18, 17*f + 1 = 19*f + 3*j. Calculate h(f).
-2
Let h(r) be the third derivative of -2*r - 5*r**2 - 1/6*r**3 + 1/24*r**4 + 0 + 1/60*r**5. What is h(-5)?
19
Let z(a) = -a - 1. Let n = 65 - 72. Let r be (n - 1 - -7) + 1. Calculate z(r).
-1
Let b(k) = -15*k**2 - 5*k + 5. Suppose 0 = -26*j + 17 + 9. Calculate b(j).
-15
Let a(z) be the first derivative of -29*z**2/2 - 157*z + 109. Let x be a(-5). Let h(p) = p + 9. What is h(x)?
-3
Let v(d) = -94*d + 3300. Let p be v(35). Let z(a) = -2*a**3 + 19*a**2 + 8*a + 9. What is z(p)?
-11
Suppose 2*y - 2*c = 4, 0 = -3*y - 3*c + 7 - 1. Let s(h) = -19*h**3 + h. Let i be s(-1). Let g(q) = -15*q**2 - 18*q**2 + i*q**y. Determine g(-1).
-15
Let x(n) = -8*n**2 + n**3 - 34*n - 51*n - 4 + 92*n. Suppose -4